, what is -10 - -110000100001000?
110000100000110
In base 4, what is -11 - -12322323?
12322312
In base 7, what is 5205 + -6305?
-1100
In base 13, what is 1 - 58145?
-58144
In base 3, what is -22000210121 - 0?
-22000210121
In base 10, what is -53 + 422?
369
In base 11, what is -184 + 519?
345
In base 2, what is -10 - 11110111110?
-11111000000
In base 7, what is 1 + -2361?
-2360
In base 2, what is 1000010010000011 - 1101000?
1000010000011011
In base 9, what is -6 - -2036?
2030
In base 12, what is 132 - -870?
9a2
In base 5, what is -21 + 2140411?
2140340
In base 14, what is -1840 - 25?
-1865
In base 5, what is -424012 + 2121?
-421341
In base 3, what is -12200021112 + 2?
-12200021110
In base 15, what is -9 + 3b6d?
3b64
In base 8, what is 13541 + -3?
13536
In base 9, what is 3 - 54?
-51
In base 13, what is -18 - 13710?
-13728
In base 12, what is -2 - -81307?
81305
In base 4, what is -12001022 - 20?
-12001102
In base 9, what is -4 - 26186?
-26201
In base 15, what is 1 - 3210?
-320e
In base 4, what is -2 + 1001321031?
1001321023
In base 2, what is -111110100001010100 + 1?
-111110100001010011
In base 9, what is -320733 + 0?
-320733
In base 12, what is 209 - 56?
173
In base 7, what is 3605 + -1?
3604
In base 4, what is 21233 - 12?
21221
In base 8, what is 4 + 44561?
44565
In base 13, what is 25 - 3082?
-305a
In base 13, what is -b0 + 963?
883
In base 10, what is 127 - -91?
218
In base 6, what is 100 - -213114?
213214
In base 5, what is 100443 - -114?
101112
In base 4, what is 2012301 - 3?
2012232
In base 3, what is 100122111 - -110?
100122221
In base 5, what is -20222 + -30?
-20302
In base 15, what is -1211 - -20?
-11e1
In base 9, what is -23768 + -12?
-23781
In base 3, what is 102010201 - 11210?
101221221
In base 6, what is 13554 - 113?
13441
In base 2, what is -1010000001 - -1010?
-1001110111
In base 9, what is 88255 - 16?
88238
In base 12, what is 2 + -6761a?
-67618
In base 10, what is -301390 + 3?
-301387
In base 9, what is 224 + 586?
821
In base 9, what is -1203 - 24?
-1227
In base 14, what is 4872 - 6?
486a
In base 6, what is -303513 + -4?
-303521
In base 2, what is -100000110101 - -1011101?
-11111011000
In base 2, what is -10110010 + 11110000100?
11011010010
In base 14, what is b - b5b8?
-b5ab
In base 16, what is 7e2 + 4a1?
c83
In base 10, what is -17366 + -3?
-17369
In base 16, what is -1e76c - -9?
-1e763
In base 3, what is -211 - -102222020?
102221102
In base 10, what is 7323 - 185?
7138
In base 2, what is 100000100 + -1100100101101?
-1100000101001
In base 3, what is -1 + 11010200?
11010122
In base 5, what is 1 - -1200?
1201
In base 11, what is 21250 + -7?
21244
In base 12, what is -20519 - 5?
-20522
In base 6, what is -413 - -1152?
335
In base 11, what is -5 - 337?
-341
In base 16, what is -34 - -74?
40
In base 6, what is 12101333 - 5?
12101324
In base 7, what is 226646 + -5?
226641
In base 2, what is 10001111101011110101 + -110?
10001111101011101111
In base 2, what is 110000100000001 - 1101?
110000011110100
In base 8, what is -1335 - 1207?
-2544
In base 6, what is 4 - -53001?
53005
In base 15, what is 0 - 3ca4?
-3ca4
In base 3, what is -1 + 102001121?
102001120
In base 12, what is 51969 - -2?
5196b
In base 11, what is -179648 - -5?
-179643
In base 12, what is -b69 - -7?
-b62
In base 15, what is 3 - -22231?
22234
In base 11, what is 172 + 1612?
1784
In base 13, what is -212 + -c9?
-30b
In base 14, what is 546c - -3?
5471
In base 16, what is 2 - 3474?
-3472
In base 13, what is -7 - -1a15b?
1a154
In base 4, what is -100103 + 311?
-33132
In base 2, what is 10 - 111001110110000?
-111001110101110
In base 2, what is -10011100001111101 + -1?
-10011100001111110
In base 4, what is -3113330320 + -10?
-3113330330
In base 16, what is 4a2 - -7ef?
c91
In base 8, what is -267324 + -5?
-267331
In base 9, what is -30 + 60?
30
In base 16, what is -5 + -16f6?
-16fb
In base 5, what is 302003 + 113?
302121
In base 8, what is -2 + -663661?
-663663
In base 16, what is -12c68 - -2?
-12c66
In base 11, what is 3 - -a7a107?
a7a10a
In base 16, what is -64 - 45ea?
-464e
In base 12, what is -5 + -42b8?
-4301
In base 4, what is -11 - -2202312?
2202301
In base 10, what is -1136 + -727?
-1863
In base 15, what is -244 - 18?
-25c
In base 16, what is -32a + 1cf1?
19c7
In base 15, what is 26ab + 12?
26bd
In base 6, what is 30543052 + -1?
30543051
In base 14, what is -1b17 - 5?
-1b1c
In base 7, what is 152 + 2641?
3123
In base 16, what is 1a - 69cf?
-69b5
In base 9, what is -41685 + -73?
-41768
In base 10, what is 334 - 5428?
-5094
In base 11, what is -35567 - -2?
-35565
In base 4, what is -1002 - 101021?
-102023
In base 11, what is -6116 - -2?
-6114
In base 13, what is -34 + -3708?
-373c
In base 9, what is 11461 - -425?
11886
In base 6, what is -225 - -23?
-202
In base 12, what is -545b + -1?
-5460
In base 4, what is 110000 - -20?
110020
In base 2, what is 10100000111000101 + 11?
10100000111001000
In base 8, what is 3 + 2627515?
2627520
In base 14, what is -41 + a2?
61
In base 2, what is -10010000 - -10110101000110?
10110010110110
In base 13, what is -2 + 13b13?
13b11
In base 13, what is -17219 + 5?
-17214
In base 2, what is 100010011000000 - 0?
100010011000000
In base 10, what is -506 + 12?
-494
In base 10, what is 89 + 5?
94
In base 12, what is 7938 + -149?
77ab
In base 5, what is -11 - -1144324?
1144313
In base 8, what is -47 + 0?
-47
In base 12, what is 1583 + 691?
2054
In base 13, what is 3 - -98340?
98343
In base 7, what is 1040001 + -2?
1036666
In base 2, what is 10110100010 + 100111000?
11011011010
In base 7, what is -465404 - -5?
-465366
In base 4, what is 3 - -13211210?
13211213
In base 10, what is -89 + 60?
-29
In base 9, what is -2471 - -56?
-2414
In base 9, what is -6763 + 4?
-6758
In base 16, what is -95 - 18e2?
-1977
In base 8, what is 66452 + 5?
66457
In base 10, what is 765391 + 5?
765396
In base 12, what is -2506 - 62?
-2568
In base 10, what is -4448 - 117?
-4565
In base 9, what is 11551 - 53?
11487
In base 15, what is -1 - 87725?
-87726
In base 3, what is 22 + 10200121?
10200220
In base 11, what is a - 137192?
-137183
In base 9, what is -3 - 422883?
-422886
In base 3, what is 11 + 1202101111?
1202101122
In base 14, what is 2123b - -3?
21240
In base 10, what is 8823 + 23?
8846
In base 6, what is 2041 - 1205?
432
In base 8, what is 1201 - 4744?
-3543
In base 11, what is -5 - 4784?
-4789
In base 6, what is 4 + -13322231?
-13322223
In base 8, what is 2121 - -2720?
5041
In base 6, what is 1141 + -30?
1111
In base 15, what is -25 - -95b?
936
In base 12, what is -4 - 742a1?
-742a5
In base 9, what is 2 - 31582?
-31580
In base 9, what is -65116 - 137?
-65254
In base 7, what is -1133 - 32?
-1165
In base 14, what is 416bd9 + -1?
416bd8
In base 9, what is 2 + -34758?
-34756
In base 8, what is -344 - -557?
213
In base 5, what is 2012422244 + 10?
2012422304
In base 6, what is -1124 + 304?
-420
In base 6, what is 1 + -11444532?
-11444531
In base 5, what is -1243344323 - 0?
-1243344323
In base 4, what is -123301213 - -12?
-123301201
In base 11, what is 1270459 - 2?
1270457
In base 5, what is 104 + 132223?
132332
In base 11, what is 8 - 93a19?
-93a11
In base 3, what is -1002201122 + -1222?
-1002210121
In base 10, what is -1950 + -133?
-2083
In base 14, what is -2 + -298a0?
-298a2
In base 8, what is -102 - -1023?
721
In base 6, what is -503 - 340?
-1243
In base 11, what is -2 + 560284?
560282
In base 7, what is 0 - 2656600?
-2656600
In base 16, what is -71c - 41?
-75d
In base 4, what is 233 + -12012300?
-12012001
In base 16, what is -1c37 + 1a?
-1c1d
In base 7, what is 36524 - 16?
36505
In base 9, what is 2046250 + 1?
2046251
In base 4, what is 2022 + -103011?
-100323
In base 9, what is 5 - -2430216?
2430222
In base 5, what is 113 + 10201?
10314
In base 7, what is 132 + 1?
133
In base 11, what is 0 + 41a51?
41a51
In base 12, what is 1 + 964?
965
In base 12, what is -429 - -1581?
1154
In base 16, what is -4a4 - 5c?
-500
In base 11, what is 1 + 30879?
3087a
In base 3, what is 1012120011 - 100?
1012112211
In base 2, what is -1100001110000100 - 0?
-1100001110000100
In base 5, what is -10020204 - 4?
-10020213
In base 8, what is 21411 - -62?
21473
In base 5, what is 1040112 - 330?
1034232
In base 9, what is 587 + 152?
750
In base 13, what is 224cb2 - -1?
224cb3
In base 2, what i